ns digit of 55944?
4
What is the ten thousands digit of 60342?
6
What is the thousands digit of 6049?
6
What is the thousands digit of 4810?
4
What is the units digit of 361?
1
What is the ten thousands digit of 42971?
4
What is the thousands digit of 43162?
3
What is the units digit of 102712?
2
What is the tens digit of 435?
3
What is the hundreds digit of 43693?
6
What is the thousands digit of 1357?
1
What is the thousands digit of 47755?
7
What is the thousands digit of 9747?
9
What is the hundreds digit of 358?
3
What is the thousands digit of 4312?
4
What is the units digit of 337?
7
What is the units digit of 3885?
5
What is the hundreds digit of 39963?
9
What is the hundreds digit of 2635?
6
What is the hundreds digit of 7390?
3
What is the thousands digit of 1956?
1
What is the units digit of 10416?
6
What is the ten thousands digit of 32906?
3
What is the units digit of 247?
7
What is the tens digit of 799?
9
What is the tens digit of 52416?
1
What is the units digit of 16152?
2
What is the tens digit of 39?
3
What is the ten thousands digit of 17483?
1
What is the units digit of 9489?
9
What is the units digit of 5120?
0
What is the thousands digit of 1668?
1
What is the hundreds digit of 17396?
3
What is the tens digit of 607?
0
What is the hundreds digit of 3151?
1
What is the tens digit of 116?
1
What is the hundreds digit of 4207?
2
What is the thousands digit of 1442?
1
What is the tens digit of 22622?
2
What is the hundreds digit of 34737?
7
What is the units digit of 27842?
2
What is the hundreds digit of 68331?
3
What is the units digit of 680?
0
What is the units digit of 4120?
0
What is the units digit of 35807?
7
What is the tens digit of 2615?
1
What is the thousands digit of 1132?
1
What is the hundreds digit of 397?
3
What is the units digit of 3009?
9
What is the thousands digit of 8163?
8
What is the units digit of 5738?
8
What is the hundreds digit of 458?
4
What is the tens digit of 18711?
1
What is the units digit of 8467?
7
What is the units digit of 4274?
4
What is the hundreds digit of 32145?
1
What is the thousands digit of 28051?
8
What is the hundreds digit of 17336?
3
What is the hundreds digit of 24747?
7
What is the thousands digit of 4156?
4
What is the hundreds digit of 475?
4
What is the thousands digit of 1836?
1
What is the hundreds digit of 11806?
8
What is the tens digit of 146?
4
What is the units digit of 691?
1
What is the thousands digit of 27698?
7
What is the units digit of 66712?
2
What is the hundreds digit of 34836?
8
What is the thousands digit of 12249?
2
What is the hundreds digit of 2625?
6
What is the units digit of 9627?
7
What is the thousands digit of 49073?
9
What is the hundreds digit of 23625?
6
What is the thousands digit of 1138?
1
What is the units digit of 8465?
5
What is the thousands digit of 141462?
1
What is the hundreds digit of 9841?
8
What is the thousands digit of 24209?
4
What is the tens digit of 23811?
1
What is the thousands digit of 2223?
2
What is the hundreds digit of 1778?
7
What is the hundreds digit of 4906?
9
What is the units digit of 1703?
3
What is the hundreds digit of 24844?
8
What is the tens digit of 434?
3
What is the units digit of 3697?
7
What is the units digit of 2144?
4
What is the tens digit of 29?
2
What is the tens digit of 2256?
5
What is the units digit of 2931?
1
What is the units digit of 837?
7
What is the tens digit of 6121?
2
What is the tens digit of 296?
9
What is the units digit of 13832?
2
What is the tens digit of 35657?
5
What is the thousands digit of 6495?
6
What is the units digit of 998?
8
What is the hundreds digit of 1403?
4
What is the units digit of 1255?
5
What is the tens digit of 28741?
4
What is the tens digit of 4141?
4
What is the thousands digit of 48254?
8
What is the tens digit of 2059?
5
What is the units digit of 1329?
9
What is the tens digit of 458?
5
What is the tens digit of 12810?
1
What is the hundreds digit of 5636?
6
What is the thousands digit of 41957?
1
What is the units digit of 3922?
2
What is the units digit of 66423?
3
What is the units digit of 44?
4
What is the tens digit of 2916?
1
What is the thousands digit of 3564?
3
What is the hundreds digit of 15799?
7
What is the thousands digit of 6347?
6
What is the units digit of 1?
1
What is the tens digit of 732?
3
What is the hundreds digit of 7989?
9
What is the ten thousands digit of 53256?
5
What is the hundreds digit of 2798?
7
What is the tens digit of 6576?
7
What is the hundreds digit of 169?
1
What is the ten thousands digit of 33902?
3
What is the units digit of 4483?
3
What is the hundred thousands digit of 101794?
1
What is the ten thousands digit of 12232?
1
What is the tens digit of 17299?
9
What is the units digit of 180525?
5
What is the tens digit of 5786?
8
What is the thousands digit of 68598?
8
What is the ten thousands digit of 18336?
1
What is the thousands digit of 8410?
8
What is the units digit of 827?
7
What is the units digit of 18001?
1
What is the units digit of 5109?
9
What is the hundreds digit of 2318?
3
What is the ten thousands digit of 22100?
2
What is the tens digit of 751?
5
What is the units digit of 652?
2
What is the ten thousands digit of 21694?
2
What is the units digit of 909?
9
What is the hundreds digit of 4940?
9
What is the thousands digit of 1062?
1
What is the tens digit of 21685?
8
What is the hundreds digit of 2366?
3
What is the hundreds digit of 770?
7
What is the tens digit of 295?
9
What is the ten thousands digit of 44595?
4
What is the ten thousands digit of 17222?
1
What is the units digit of 770?
0
What is the hundreds digit of 2297?
2
What is the thousands digit of 60667?
0
What is the hundred thousands digit of 118172?
1
What is the units digit of 473?
3
What is the tens digit of 72002?
0
What is the tens digit of 1411?
1
What is the thousands digit of 1371?
1
What is the units digit of 20195?
5
What is the hundreds digit of 1647?
6
What is the tens digit of 1543?
4
What is the thousands digit of 120094?
0
What is the hundreds digit of 18728?
7
What is the hundreds digit of 30140?
1
What is the hundred thousands digit of 103921?
1
What is the tens digit of 474?
7
What is the thousands digit of 1565?
1
What is the thousands digit of 29891?
9
What is the hundreds digit of 172983?
9
What is the thousands digit of 13361?
3
What is the ten thousands digit of 18358?
1
What is the tens digit of 48357?
5
What is the tens digit of 971?
7
What is the thousands digit of 25510?
5
What is the thousands digit of 1044?
1
What is the units digit of 30839?
9
What is the tens digit of 911?
1
What is the units digit of 85736?
6
What is the units digit of 94?
4
What is the units digit of 72821?
1
What is the tens digit of 1612?
1
What is the ten thousands digit of 83699?
8
What is the units digit of 1643?
3
What is the tens digit of 25567?
6
What is the thousands digit of 14425?
4
What is the hundreds digit of 67074?
0
What is the tens digit of 20802?
0
What is the ten thousands digit of 43660?
4
What is the ten thousands digit of 82858?
8
What is the hundreds digit of 7764?
7
What is the tens digit of 2528?
2
What is the hundreds digit of 1038?
0
What is the hundreds digit of 194?
1
What is the thousands digit of 1019?
1
What is the hundreds digit of 1555?
5
What is the hundreds digit of 14942?
9
What is the units digit of 629?
9
What is the thousands digit of 15374?
5
What is the thousands digit of 3402?
3
What is the units digit of 482?
2
What is the hundreds digit of 4337?
3
What is the units digit of 57?
7
What is the thousands digit of 4078?
4
What is the units digit of 1586?
6
What is the thousands digit of 3385?
3
What is the tens digit of 674?
7
What is the tens digit of 925?
2
What is the units digit of 3982?
2
What is the thousands digit of 12256?
2
What is the tens digit of 19156?
5
What is the tens digit of 90970?
7
What is the hundreds digit of 2782?
7
What is the ten thousands digit of 19493?
1
What is the units digit of 837?
7
What is the ten thousands digit of 11210?
1
What is the hundreds digit of 301?
3
What is the hundreds digit of 100541?
5
What is the tens digit of 981?
8
What is the thousands digit of 28860?
8
What is the units digit of 41?
1
What is the hundreds digit of 48091